*q, 3*i - 4*q - 13 = 0. Determine h(i).
-6
Let y(t) = t**2 + 205*t + 6 - 3 - 199*t. Determine y(-2).
-5
Let y(u) = 0*u**3 + 6*u**2 + 2*u**3 - 3*u + 2 - 3*u**3. Calculate y(5).
12
Let q(t) = -10*t - 4. Let p(j) = -5*j - 2. Let g(m) = 5*p(m) - 3*q(m). Suppose 0 = l + 5 - 3. What is g(l)?
-8
Let h(k) = 5*k - 2. Let w = 22 + -19. Give h(w).
13
Let h(m) = 2*m + 23*m**2 - 50*m**2 + 12*m**2 + 1. Calculate h(-1).
-16
Let f = 15 - 7. Let s = -3 + f. Let y(i) = i**2 - 5*i - 2. What is y(s)?
-2
Let l be 4/10 + 7/(-5). Let a(z) = -z**2 + 3*z**3 - z**2 - 3*z + 2*z. Calculate a(l).
-4
Let v(h) = 8*h + 5. Let f(a) be the first derivative of -2*a**2 - 3*a + 1. Let p be (16/(-6))/((-2)/3). Let i(t) = p*v(t) + 7*f(t). Give i(1).
3
Let u(x) = 5*x - 1. Let p be u(1). Suppose -p*z - 21 + 2 = 5*t, -2*z - 4*t - 14 = 0. Let a(v) = 0*v + 2*v**2 + 0*v - 1 - 2*v. Determine a(z).
3
Let z(t) = 5*t**2 - 3*t**2 + 0*t**2. Let n(h) = -h**2 - 5*h + 4. Let j be n(-6). Let k be 1*j*(8 - 7). Determine z(k).
8
Let p be 2/(-12) - (-23)/(-6). Let z = p - -6. Let g(a) = a**3 - 5*a**2 + 2*a. What is g(z)?
-8
Let s(i) = -i**3. Let y = 4 + -5. Determine s(y).
1
Let l(j) = j**2 - 7*j + 5. Let i be l(7). Let o(m) = -m**2 + 7*m - 6. Let h be o(6). Let g(r) = -2 - r**2 + 6*r + h*r - 1. Calculate g(i).
2
Let q = 1 + -7. Let b be ((-14)/q - 2)*9. Suppose -g - 8 = -b*g. Let r(v) = v - 7. Give r(g).
-3
Let s be 7 + (-4 - (0 + -4)). Let i(y) = y**3 - 6*y**2 - 7*y + 1. Calculate i(s).
1
Let b(r) = -5*r - 1. Let z be b(-1). Let m(v) = 5*v**2 - v**3 + v + 1 - 4*v**2 + 5*v + z*v**2. Let c be m(6). Let l(k) = 5*k**2 - k. What is l(c)?
4
Suppose 3*n - 5 = 4*n. Let s(d) = -3*d - 1. Determine s(n).
14
Suppose g = 5*g - 8. Let l(x) = -x**2 + 4*x + 1. Calculate l(g).
5
Let n(h) = h + 14. Let d = 14 - 14. Calculate n(d).
14
Suppose -7*x + 24 = -3*x. Let f(z) = -z - 3. Let g(y) = y + 3. Let l(k) = 5*f(k) + 4*g(k). Calculate l(x).
-9
Let n(l) = -l**3 + 6*l**2 + 8*l - 10. Let m be n(7). Let f(c) = 5*c. Let h(d) = 5*d + 1. Let y(q) = m*f(q) + 2*h(q). Calculate y(2).
-8
Let j(k) = k**2 + 5*k + 2. Let a be 6/(-9) + (-20)/15. Let c(q) = -5*q**2 - 25*q - 11. Let y(f) = a*c(f) - 11*j(f). What is y(-4)?
4
Let o(l) = -3*l**2 - 2*l + 2. Let c(z) = 2*z + z**2 - 2*z + 3*z. Let x(t) = -t**2 - 2*t + 1. Let j be x(1). Let d be c(j). Determine o(d).
-6
Suppose 4*n + 2 = 38. Let t = 4 - n. Let r be (t/(-15))/(2/30). Let s(p) = 2*p - 1. What is s(r)?
9
Let x(t) = -14*t**2 + 12*t + 2. Let u(a) = -5*a**2 + 4*a + 1. Let f(g) = -8*u(g) + 3*x(g). Give f(4).
-18
Let y be (-6)/4 + 30/(-12). Let s be y/16 - (-1)/4. Let p(u) = -u**2 + u + 5. Determine p(s).
5
Let o(l) = 8 - 5*l + 5*l + l. Let j = 13 - 13. Suppose n - 21 = 5*n - a, j = -4*n - 5*a + 9. Calculate o(n).
4
Let u(k) = -k + 8 - 5 + 5 + 0*k. Calculate u(6).
2
Let g(x) = -2*x + 2*x**2 - 2*x**3 + 0*x**3 - 10*x**2 + x**3 + 8. Let z be g(-8). Let k(y) = 0*y**3 + z*y - y**3 - 24*y. What is k(-1)?
1
Let a be (-2)/7 + 32/14. Suppose 0 = 3*p + a*p - 5. Let w(d) be the first derivative of -d**4 - d**3/3 - d**2/2 + d + 33. Determine w(p).
-5
Let f(q) = -13*q**2 + 13*q**2 - 4*q**2 + 2. Calculate f(2).
-14
Suppose 3*l = 9 - 0. Suppose -15 = -3*i, -b - b = -2*i. Let z(v) = -b*v - v**3 - 5*v**2 + 3*v**2 + 2*v**3 + 4. What is z(l)?
-2
Let h(c) be the second derivative of c**5/20 - 5*c**4/12 + c**3/3 - 7*c**2/2 - 2*c. Suppose d + 5 = 4*u + 10, -2*d = -2*u - 10. What is h(d)?
3
Suppose 5*u = -0*u - 25. Let w = -8 + 11. Let a(j) = -7*j + 4*j - w*j - j**2 - 1. Calculate a(u).
4
Let m(t) = -t. Let n(y) = 4*y + 2. Let l(i) = 5*m(i) + n(i). Let z(c) = -c + 1. Let x(j) = -4*l(j) + 5*z(j). Determine x(5).
-8
Let a(p) be the second derivative of -p**3/2 - 7*p**2/2 + 4*p. Let t(c) = 2*c + 3. Let n(d) = -4*a(d) - 9*t(d). Let o be (1 - 0)/(-2 + 3). Give n(o).
-5
Let c(g) be the second derivative of -g**4/12 + 7*g**3/6 - 9*g**2/2 + 7*g. Give c(6).
-3
Let b(n) be the second derivative of n**4/24 - n**3/2 - 3*n**2/2 + 3*n. Let o(d) be the first derivative of b(d). Let f = 8 + -4. Calculate o(f).
1
Let r(y) = -y**3 + 2. Let v be 12/(-8) - (-4)/(-8). Calculate r(v).
10
Suppose z = 5*j - 0*z - 10, -3*j - 3*z + 6 = 0. Let g(i) = 2*i + 1. What is g(j)?
5
Let f(r) be the third derivative of -1/8*r**4 + 0 + 3*r**2 + 1/20*r**5 + 0*r - 4/3*r**3. Let s(x) = -x**2 + 2*x + 4. Let l(h) = 2*f(h) + 5*s(h). What is l(-5)?
9
Let h(z) = -z**3 - z**2 + z + 1. Let i(c) = 6*c**3 + 2*c**2 - c - 7. Let m(q) = -5*h(q) - i(q). Calculate m(3).
-10
Let p(v) = -v**2 + 7. Let i(k) = -2*k**2 + k + 15. Let r(g) = -4*i(g) + 9*p(g). Suppose -12 = l + 2*l - 3*q, 0 = -3*l - 3*q - 18. Calculate r(l).
-2
Let z(y) = -2*y**2 - 4*y. Let m be z(-3). Let w be ((-13)/39)/(2/m). Let g(k) = -9*k + 1. Calculate g(w).
-8
Let j(i) = 2*i + 8. Let b(x) = -3*x - 9. Let o(z) = -3*b(z) - 4*j(z). Give o(7).
2
Let b(q) = -2*q - 3. Suppose 6*t - 4*x = 2*t - 12, -10 = 3*t - 2*x. Calculate b(t).
5
Let k(d) = 3*d**2 + 7*d - 13. Let f(a) = 2*a**2 + 4*a - 7. Let t(y) = -5*f(y) + 3*k(y). Give t(3).
-10
Let b(l) = 0 + 3 + 2 + l - l**2. Determine b(4).
-7
Let x be ((-3)/(-1) - 3) + 3. Let w be (9 + -1)/(6/x). Let s(q) = -2*q + 4. Give s(w).
-4
Let p(s) = s**2 - 12*s + 9. Let q be (-6)/4*(-17 + 11). Give p(q).
-18
Let r(k) = k - 5. Let u(s) = -2*s**2 - 23*s - 5. Let j be u(-11). Determine r(j).
1
Let f(k) be the first derivative of k**4/4 + 11*k + 11. Determine f(0).
11
Let h(p) = 3*p + 2. Let v be h(-2). Let a = -2 - v. Let z(x) be the third derivative of -x**4/12 + x**3/6 - x**2. Calculate z(a).
-3
Let q be 57/5 - (-3)/5. Let k be (1 - 5)/((-8)/q). Let x(o) = -o - 3. Determine x(k).
-9
Let q(o) = -o - 5*o**2 + 3*o**3 + 31 - 4*o**3 - 30. What is q(-5)?
6
Suppose 3*d = -0*d. Let y(k) be the first derivative of -k**2 + d*k**2 - 2*k**2 + 2 + k. Calculate y(-1).
7
Let c(w) = w**2 + 6*w + 1. Suppose 49 = -3*l + r, 2*l - 3*r = 5*l + 69. Let d be 10/45 + 94/l. What is c(d)?
-4
Let n(r) = 11*r - 17. Let s(l) = -8 - 3*l + 9 + 7 - 2*l. Let t(m) = 3*n(m) + 7*s(m). What is t(4)?
-3
Let j(z) = -z + 12. Let m be (10 - -2)/(2*1). Give j(m).
6
Let z(l) be the third derivative of -l**5/60 + 5*l**4/24 - 7*l**3/6 + 10*l**2. Suppose -3*b = -2*f + 49, -1 = f + 4*b + 2. Let j = f - 12. Determine z(j).
-7
Let t(r) = -r**2 - r - 2. Suppose -2*f - 35 = -5*l, 7*f - 30 = 12*f - l. What is t(f)?
-22
Suppose -4*w + 4 = -0. Let v(o) be the first derivative of -o**3/3 + o**2/2 + 2. Let x(r) = 7*r**3 + 4*r**2 - 6*r + 1. Let p(c) = -4*v(c) - x(c). What is p(w)?
-6
Suppose 5*s - s = 4*o - 36, -3*o + 5*s + 37 = 0. Let h(u) = u**2 - 3*u + 6. Determine h(o).
10
Let x = -170 + 170. Let l(f) = f**3 - f**2 - f - 32. What is l(x)?
-32
Let l(j) = -j**2 - 3*j - 5. Let c(i) = -2*i**3 - 4*i**2 - i - 2. Let z be c(-3). Suppose -k - z = 5*r - r, 3*k = 2*r - 1. Calculate l(r).
-9
Let d be (1 - 1)/(2 - 0). Let g(b) = -b - 1. Let a be g(-3). Let p(f) = 5*f**2 - 4*f**2 + a*f - f. Determine p(d).
0
Let h be 9/6*(-4)/(-6). Let z(q) = -q + 0*q - h + 2*q. Give z(1).
0
Suppose b + u + 95 = 0, -b - 3*b - 375 = -u. Let f be (-6)/(-27) - b/(-18). Let z(s) = s**3 + 4*s**2 - 7*s - 2. Calculate z(f).
8
Let d(h) = 2*h + 4. Suppose 0 = -3*u - 3 - 9. Let m be d(u). Let i(w) = w**2 + 5*w + 3. Give i(m).
-1
Let f(a) be the first derivative of -a**4/4 + 2*a**3 + 7*a**2/2 - 7*a + 11. Determine f(7).
-7
Let c(o) = -o - 1. Let x = -4 - -7. Let r = x + -7. Calculate c(r).
3
Let b(a) = -a**2 + 8*a. Let j(l) = l**3 + 13*l**2 + 11*l - 5. Let r be j(-12). Give b(r).
7
Suppose 2 - 11 = -3*z. Let l(o) = 0*o**2 + o**z + o**2 - 4*o + 0*o**2 + 3*o**2. What is l(-5)?
-5
Suppose -11 = -3*p + 4. Let f be 3/(2 - p)*3. Let n(i) = -i**2 - 3*i - 4 - 2*i - i. What is n(f)?
5
Let a(y) = 1. Suppose 0 = 3*p - 7*p - 20. Suppose 2*t + 9 - 7 = 0. Let f(j) = -j - 13. Let k(n) = p*a(n) + t*f(n). Calculate k(-4).
4
Suppose 3*t - 3 = 2*t. Let g = 6 - t. Let y(m) = -2 - 4*m**2 + m**3 + 5 + 0*m**g. What is y(3)?
-6
Suppose 0 = 5*s - s + 16. Let o = s - -12. Let x(l) = -l**3 + 9*l**2 - 8*l - 3. What is x(o)?
-3
Let k(l) = -l**2 - 2*l + 1. Let s = -14 + 16. What is k(s)?
-7
Let b = -4 + 7. Suppose 5*o + 2*p - 20 = 0, -b*o - 2*p + 0*p + 16 = 0. Let a be o + -2 + 1 + 2. Let n(w) = -2*w**2 + 5*w - 2. Determine n(a).
-5
Let a = 36 - 39. Let k(s) = -2*s - 2. Calculate k